nd 325?
13
Let t = -72 + 30. Let m = 52 + t. Let k be (12/2)/((-3)/(-40)). Calculate the highest common factor of m and k.
10
Let s(m) = 62*m - 4608. Let j be s(76). Calculate the highest common divisor of 25844 and j.
52
Suppose w = 5*i + 22 + 4, -3*w - i + 142 = 0. Suppose 3*y - w = -19. Suppose -k + y = -0*k. What is the greatest common divisor of 1 and k?
1
Let p be 34 - 8*5/10. Suppose 5*a = 12*h - 7*h - p, 3*a = 12. What is the highest common divisor of h and 55?
5
Suppose -13*u + 115934 = -107208 + 35227. What is the highest common divisor of 49 and u?
49
Let d(x) = x**3 - 35*x**2 - 34*x + 67. Let c = -737 - -773. Let n be d(c). What is the greatest common factor of 1 and n?
1
Let v = -661 - -719. Calculate the greatest common divisor of 2146 and v.
58
Let t(q) = q - 5. Let w be t(6). Let c be w + 183/(5 - 2). Calculate the highest common factor of c and 682.
62
Suppose -2*b - 2*u = 24, 0 = -b + 3*b + 4*u + 20. Let g be 8/28 + (-346)/b. Let w = g + -4. What is the greatest common factor of 231 and w?
21
Suppose 6970*f - 6965*f - 9720 = -3*b, 2*f - b - 3899 = 0. Calculate the greatest common divisor of 528 and f.
33
Let l = 4663 - 3112. Calculate the greatest common factor of 235 and l.
47
Let d be ((-90)/3)/(-5) - (1 - 50). Suppose -2*i - 3 = -23. What is the highest common factor of i and d?
5
Let a = -315 + 311. Let l be (-175)/20*-4 + a. Calculate the greatest common factor of 31 and l.
31
Suppose -l = -3*i - 672, -2*l + 1368 = 553*i - 555*i. Calculate the greatest common factor of 4002 and l.
138
Let l(m) = -117*m + 1131. Let w be l(9). What is the highest common factor of 36 and w?
6
Suppose -4*h = -20*r + 24*r - 3568, 4*r = -h + 3580. What is the greatest common factor of r and 24?
8
Let q(s) = s**2 + s + 48. Let h be q(0). Suppose -k + 0*k = 3*b + h, 0 = 4*b - 2*k + 74. Let j = b + 27. What is the highest common factor of 4 and j?
2
Let d(b) = -162*b**3 + b + 1. Let c = -90 - -89. Let r be d(c). Let h be 385/21 - 1/3. Calculate the greatest common factor of h and r.
18
Let h(s) = 9*s - 30. Let i(v) = -5*v**2. Let w(p) = h(p) - i(p). Let k be w(4). Calculate the greatest common divisor of k and 129.
43
Suppose 167 = 3*u - 2*q + 53, -12 = -4*q. Calculate the greatest common factor of 3240 and u.
40
Let t be 1/((7/(-120))/(-7)). Let m(x) = -7*x**3 - 2*x**2 + 13*x + 23. Let p be m(-2). What is the greatest common factor of t and p?
15
Suppose 4891 = -80*v + 20971. What is the highest common factor of v and 134?
67
Let l(m) = -223*m - 1638. Let c be l(-9). What is the greatest common factor of c and 9?
9
Let u = -31308 + 31353. What is the greatest common factor of 1330 and u?
5
Let u = -83 + 478. Let j = u + -384. Calculate the highest common divisor of j and 176.
11
Suppose 463939 = 171*o + 176*o. Calculate the greatest common divisor of 14 and o.
7
Suppose 5*p = 30, -82*t = -79*t + 3*p - 114. What is the highest common factor of t and 1120?
32
Let q(f) = 2*f**3 + 26*f**2 + 42*f - 22. Let o be q(-11). Suppose -10*k + k + 252 = o. What is the greatest common factor of 16 and k?
4
Suppose 5 = m, 506*m - 5549 = -3*l + 508*m. Calculate the highest common divisor of l and 34.
17
Let u(v) = 3*v + 29. Let j be u(-8). Suppose b + 20 = -j*m, 2 = -2*b - 4*m - 20. Let i be 5 - b/(-5) - -1. Calculate the greatest common factor of 55 and i.
5
Let h = -11354 - -11417. What is the greatest common divisor of 658 and h?
7
Let i(c) = -c**2 + 29*c - 158. Let l be i(9). Let a = 1 - -2. Suppose -55 = -8*y + a*y. Calculate the highest common divisor of l and y.
11
Let w = 0 + 1. Let u(v) = -v**3 - 173*v**2 + 1075*v + 182. Let x be u(-179). What is the highest common divisor of w and x?
1
Let i be (3/3)/((-1954)/978 + 2). Suppose -4*l = -7*l - i. Let p = 289 + l. Calculate the greatest common factor of p and 14.
14
Let h(o) = 5*o**3 + 1. Let x be h(1). Suppose i + 845 = 857. Calculate the greatest common factor of x and i.
6
Let f = -35 + 39. Let t be (-84)/f*504/(-98). Calculate the highest common factor of 54 and t.
54
Let r(x) = -3*x**3 + 6*x**2 - 13*x + 28. Let a be r(2). Calculate the highest common divisor of a and 514.
2
Let j = -159 + 160. Let h(w) = -7*w + 10. Let c be h(j). Suppose 2*m = 26 - 14. Calculate the highest common divisor of c and m.
3
Suppose -63 = g + 36. Let c = g + 186. Calculate the highest common divisor of 116 and c.
29
Let y be ((-6)/12)/((-1)/4) - -4. Let f = 17 + y. Let q = -4 + f. Calculate the highest common divisor of q and 209.
19
Let c be 78106/(-245)*(-20)/1. What is the highest common divisor of c and 8?
8
Let y(r) = 31*r**2 - 669*r - 46. Let n be y(22). Calculate the greatest common factor of n and 18.
6
Let g(t) = -t**2 + 11*t + 4. Let f be g(11). Suppose -f*x = -0*x - 24. Let s = 8059 + -8005. What is the highest common factor of s and x?
6
Let y be 152 - 4/(-6)*3. Let a(o) = -o**2 - 27*o + 77. Let s be a(-30). Let f = s + 27. What is the greatest common factor of y and f?
14
Let u = 5332 + -5314. What is the greatest common divisor of u and 2202?
6
Suppose -9*a = -7*a - 134. Suppose 69*d - 36 = a*d. What is the greatest common divisor of 153 and d?
9
Let p(o) = -o - 12. Let g(a) = -a. Let m(j) = 6*g(j) + p(j). Let k be m(-2). Let x be k/6 + (-8954)/(-66). Calculate the greatest common divisor of 17 and x.
17
Let z = -2 - -6. Let n be 0/(z - (1 - -5)). Let c be (-8 - -62) + n/(-1). Calculate the highest common divisor of 27 and c.
27
Let p(a) = -456*a + 15108. Let t be p(33). Let f(o) = 23*o**3 + 4*o**2 + o. Let q be f(3). Calculate the greatest common factor of t and q.
60
Suppose 0 = n + 46 + 81. Let f = -661 + 610. Let q = f - n. What is the highest common factor of 38 and q?
38
Let m(x) = -15*x + 3. Suppose 0 = -2*n + n - 13. Let f be m(n). Suppose -12*u + 109 = -287. What is the greatest common divisor of f and u?
33
Let x = -2167 - -2338. What is the highest common factor of x and 2907?
171
Let o = 7898 - 3546. Calculate the highest common divisor of 102 and o.
34
Suppose -2*w + 4 = -4*l - 10, 2*w + 3*l = 7. Let u be (-28)/3*(-15)/10. Suppose -u = -m + w. What is the highest common divisor of m and 152?
19
Suppose 11754*q = 11677*q + 1472086. What is the highest common factor of q and 158?
158
Let w = 14957 - 8490. What is the greatest common divisor of 58 and w?
29
Let w(p) = p**3 + 6*p**2 - p + 2. Let l be w(-3). Let k = 5235 - 5027. Calculate the highest common factor of k and l.
16
Let c(r) = -r**3 - 11*r**2 - 12*r - 24. Let p be c(-10). Let m be 832/(-24)*6/p. Suppose g - 13 - m = 0. Calculate the highest common divisor of 13 and g.
13
Suppose -8*x = -6*x + 322. Let s = x + 190. Calculate the highest common divisor of s and 29.
29
Suppose l + 4*q - 1674 = 0, 0 = 14*l + 6*l - 4*q - 32976. What is the greatest common divisor of 2244 and l?
66
Let m = 80 + -76. Suppose m*g = 609 - 213. Suppose 3*f - 171 - 27 = 0. Calculate the highest common factor of g and f.
33
Let q(g) = -g**3 + 9*g**2 + 4*g. Let b(f) = -f**2 + 8*f + 7. Let a be b(8). Let l be q(a). Calculate the greatest common divisor of 14 and l.
14
Let q(d) = -48*d + 849. Let b be q(16). What is the greatest common divisor of 189 and b?
27
Let p be (336/49 - 6)/(4*18/336). What is the greatest common factor of 430 and p?
2
Let r = 107 + 55. Let j = -1634 + 1643. Calculate the highest common factor of j and r.
9
Let x(d) = d**3 - 4*d**2 - 28*d - 17. Let i be x(-2). What is the highest common factor of i and 27?
3
Let i = -184 - -224. Let w = 51 + 14. Suppose -5*v - i = -w. Calculate the greatest common factor of v and 80.
5
Suppose 4*z - 2144 = -616. Let h = z - 357. What is the greatest common factor of h and 475?
25
Suppose -t + 98 = t. Let x(z) = 10*z - 51. Let q be x(6). Suppose 21 = -q*s + 84. What is the highest common divisor of t and s?
7
Suppose -70*v + 22*v + 36000 = 0. What is the greatest common divisor of v and 1650?
150
Suppose -3*d = 5*x - 750, -3*x + 2*d = 4*d - 450. Suppose -51*q = -54*q - 4*i + 18, -i = 3*q - 18. What is the highest common factor of q and x?
6
Let c be 21/(-2 + 7/2). Let f be 0 + c + (-4 - -3). Let v be 946983/9101 - 1/19. Calculate the greatest common factor of v and f.
13
Suppose -35*u - 18*u = -31323. Calculate the greatest common divisor of 12 and u.
3
Let x be (-119)/17 + 258 + -1 + 2. What is the greatest 